{"id":4770,"date":"2021-09-27T18:15:55","date_gmt":"2021-09-27T18:15:55","guid":{"rendered":"https:\/\/www.seardigital.com\/akbakan\/?page_id=4770"},"modified":"2022-03-02T09:59:34","modified_gmt":"2022-03-02T09:59:34","slug":"subeler","status":"publish","type":"page","link":"https:\/\/akbakan.com\/?page_id=4770","title":{"rendered":"\u015eubeler"},"content":{"rendered":"\t\t<div data-elementor-type=\"wp-page\" data-elementor-id=\"4770\" class=\"elementor elementor-4770\" data-elementor-settings=\"[]\">\n\t\t\t\t\t\t<div class=\"elementor-inner\">\n\t\t\t\t\t\t\t<div class=\"elementor-section-wrap\">\n\t\t\t\t\t\t\t<section class=\"elementor-section elementor-top-section elementor-element elementor-element-888a5bd elementor-section-boxed elementor-section-height-default elementor-section-height-default default-style\" data-id=\"888a5bd\" data-element_type=\"section\" data-settings=\"{&quot;rt_color_sets&quot;:&quot;default-style&quot;}\">\n\t\t\t\t\t\t<div class=\"elementor-container elementor-column-gap-default\">\n\t\t\t\t\t\t\t<div class=\"elementor-row\">\n\t\t\t\t\t<div class=\"elementor-column elementor-col-100 elementor-top-column elementor-element elementor-element-7f1a800\" data-id=\"7f1a800\" data-element_type=\"column\">\n\t\t\t<div class=\"elementor-column-wrap elementor-element-populated\">\n\t\t\t\t\t\t\t<div class=\"elementor-widget-wrap\">\n\t\t\t\t\t\t<div class=\"elementor-element elementor-element-42d0eb6 elementor-widget elementor-widget-spacer\" data-id=\"42d0eb6\" data-element_type=\"widget\" data-widget_type=\"spacer.default\">\n\t\t\t\t<div class=\"elementor-widget-container\">\n\t\t\t\t\t<div class=\"elementor-spacer\">\n\t\t\t<div class=\"elementor-spacer-inner\"><\/div>\n\t\t<\/div>\n\t\t\t\t<\/div>\n\t\t\t\t<\/div>\n\t\t\t\t\t\t<\/div>\n\t\t\t\t\t<\/div>\n\t\t<\/div>\n\t\t\t\t\t\t\t\t<\/div>\n\t\t\t\t\t<\/div>\n\t\t<\/section>\n\t\t\t\t<section class=\"elementor-section elementor-top-section elementor-element elementor-element-00c7647 elementor-section-boxed elementor-section-height-default elementor-section-height-default default-style\" data-id=\"00c7647\" data-element_type=\"section\" data-settings=\"{&quot;rt_color_sets&quot;:&quot;default-style&quot;}\">\n\t\t\t\t\t\t<div class=\"elementor-container elementor-column-gap-default\">\n\t\t\t\t\t\t\t<div class=\"elementor-row\">\n\t\t\t\t\t<div class=\"elementor-column elementor-col-100 elementor-top-column elementor-element elementor-element-2419dec\" data-id=\"2419dec\" data-element_type=\"column\">\n\t\t\t<div class=\"elementor-column-wrap elementor-element-populated\">\n\t\t\t\t\t\t\t<div class=\"elementor-widget-wrap\">\n\t\t\t\t\t\t<div class=\"elementor-element elementor-element-309f062 elementor-widget elementor-widget-rt-tabs\" data-id=\"309f062\" data-element_type=\"widget\" data-widget_type=\"rt-tabs.default\">\n\t\t\t\t<div class=\"elementor-widget-container\">\n\t\t\t<div class=\"rt_tabs clearfix  left tab-position-2 style-2\"  data-tab-position=\"tab-position-2\" data-tab-count=\"6\"><ul class=\"tab_nav hidden-xs\"><li class=\"tab_title  active\" id=\"tab-1-title\" data-tab-number=\"1\"> Shell  G\u00f6nen \u0130stasyonu<\/li><li class=\"tab_title \" id=\"tab-2-title\" data-tab-number=\"2\">SHELL Denizkent \u0130stasyonu<\/li><li class=\"tab_title \" id=\"tab-3-title\" data-tab-number=\"3\">SHELL  Bu\u011fdayl\u0131 \u0130stasyonu<\/li><li class=\"tab_title \" id=\"tab-4-title\" data-tab-number=\"4\">SHELL Biga \u0130stasyonu<\/li><li class=\"tab_title \" id=\"tab-5-title\" data-tab-number=\"5\">LUKO\u0130L  Sar\u0131k\u00f6y \u0130STASYONU<\/li><li class=\"tab_title \" id=\"tab-6-title\" data-tab-number=\"6\">SUNPET G\u00fcm\u00fc\u015f\u00e7ay \u0130stasyonu<\/li><\/ul><div class=\"tab_contents\"><div class=\"tab_content_wrapper animation active\" id=\"tab-1\" data-tab-content=\"1\">\n\t\t\t\t\t\t\t\t\t<div id=\"tab-1-inline-title\" class=\"tab_title visible-xs\" data-tab-number=\"1\"> Shell  G\u00f6nen \u0130stasyonu<\/div>\n\t\t\t\t\t\t\t\t\t<div class=\"tab_content\"><p>G\u00f6nen SHELL \u0130stasyonu<\/p><p>Kar\u015f\u0131yaka Mah. Denizkent Cad. G\u00f6nen Biga Asfalt\u0131 2. Km.<br \/>G\u00f6nen, Bal\u0131kesir 0266 762 44 74 Pbx<\/p><p>\n\t\t<style type=\"text\/css\">\n\t\t\t#gallery-1 {\n\t\t\t\tmargin: auto;\n\t\t\t}\n\t\t\t#gallery-1 .gallery-item {\n\t\t\t\tfloat: left;\n\t\t\t\tmargin-top: 10px;\n\t\t\t\ttext-align: center;\n\t\t\t\twidth: 33%;\n\t\t\t}\n\t\t\t#gallery-1 img {\n\t\t\t\tborder: 2px solid #cfcfcf;\n\t\t\t}\n\t\t\t#gallery-1 .gallery-caption {\n\t\t\t\tmargin-left: 0;\n\t\t\t}\n\t\t\t\/* see gallery_shortcode() in wp-includes\/media.php *\/\n\t\t<\/style>\n\t\t<div id='gallery-1' class='gallery galleryid-4770 gallery-columns-3 gallery-size-thumbnail'><dl class='gallery-item'>\n\t\t\t<dt class='gallery-icon landscape'>\n\t\t\t\t<a href='https:\/\/akbakan.com\/?attachment_id=4782'><img loading=\"lazy\" decoding=\"async\" width=\"150\" height=\"150\" src=\"https:\/\/akbakan.com\/wp-content\/uploads\/2021\/09\/8-150x150.jpg\" class=\"attachment-thumbnail size-thumbnail\" alt=\"\" srcset=\"https:\/\/akbakan.com\/wp-content\/uploads\/2021\/09\/8-150x150.jpg 150w, https:\/\/akbakan.com\/wp-content\/uploads\/2021\/09\/8-300x300.jpg 300w, https:\/\/akbakan.com\/wp-content\/uploads\/2021\/09\/8-100x100.jpg 100w\" sizes=\"auto, (max-width: 150px) 100vw, 150px\" \/><\/a>\n\t\t\t<\/dt><\/dl><dl class='gallery-item'>\n\t\t\t<dt class='gallery-icon landscape'>\n\t\t\t\t<a href='https:\/\/akbakan.com\/?attachment_id=4783'><img loading=\"lazy\" decoding=\"async\" width=\"150\" height=\"150\" src=\"https:\/\/akbakan.com\/wp-content\/uploads\/2021\/09\/1-150x150.jpg\" class=\"attachment-thumbnail size-thumbnail\" alt=\"\" srcset=\"https:\/\/akbakan.com\/wp-content\/uploads\/2021\/09\/1-150x150.jpg 150w, https:\/\/akbakan.com\/wp-content\/uploads\/2021\/09\/1-300x300.jpg 300w, https:\/\/akbakan.com\/wp-content\/uploads\/2021\/09\/1-100x100.jpg 100w\" sizes=\"auto, (max-width: 150px) 100vw, 150px\" \/><\/a>\n\t\t\t<\/dt><\/dl><dl class='gallery-item'>\n\t\t\t<dt class='gallery-icon landscape'>\n\t\t\t\t<a href='https:\/\/akbakan.com\/?attachment_id=4784'><img loading=\"lazy\" decoding=\"async\" width=\"150\" height=\"150\" src=\"https:\/\/akbakan.com\/wp-content\/uploads\/2021\/09\/6-150x150.jpg\" class=\"attachment-thumbnail size-thumbnail\" alt=\"\" srcset=\"https:\/\/akbakan.com\/wp-content\/uploads\/2021\/09\/6-150x150.jpg 150w, https:\/\/akbakan.com\/wp-content\/uploads\/2021\/09\/6-300x300.jpg 300w, https:\/\/akbakan.com\/wp-content\/uploads\/2021\/09\/6-100x100.jpg 100w\" sizes=\"auto, (max-width: 150px) 100vw, 150px\" \/><\/a>\n\t\t\t<\/dt><\/dl><br style=\"clear: both\" \/><dl class='gallery-item'>\n\t\t\t<dt class='gallery-icon landscape'>\n\t\t\t\t<a href='https:\/\/akbakan.com\/?attachment_id=4785'><img loading=\"lazy\" decoding=\"async\" width=\"150\" height=\"150\" src=\"https:\/\/akbakan.com\/wp-content\/uploads\/2021\/09\/4-150x150.jpg\" class=\"attachment-thumbnail size-thumbnail\" alt=\"\" srcset=\"https:\/\/akbakan.com\/wp-content\/uploads\/2021\/09\/4-150x150.jpg 150w, https:\/\/akbakan.com\/wp-content\/uploads\/2021\/09\/4-300x300.jpg 300w, https:\/\/akbakan.com\/wp-content\/uploads\/2021\/09\/4-100x100.jpg 100w\" sizes=\"auto, (max-width: 150px) 100vw, 150px\" \/><\/a>\n\t\t\t<\/dt><\/dl><dl class='gallery-item'>\n\t\t\t<dt class='gallery-icon landscape'>\n\t\t\t\t<a href='https:\/\/akbakan.com\/?attachment_id=4786'><img loading=\"lazy\" decoding=\"async\" width=\"150\" height=\"150\" src=\"https:\/\/akbakan.com\/wp-content\/uploads\/2021\/09\/3-150x150.jpg\" class=\"attachment-thumbnail size-thumbnail\" alt=\"\" srcset=\"https:\/\/akbakan.com\/wp-content\/uploads\/2021\/09\/3-150x150.jpg 150w, https:\/\/akbakan.com\/wp-content\/uploads\/2021\/09\/3-300x300.jpg 300w, https:\/\/akbakan.com\/wp-content\/uploads\/2021\/09\/3-100x100.jpg 100w\" sizes=\"auto, (max-width: 150px) 100vw, 150px\" \/><\/a>\n\t\t\t<\/dt><\/dl><dl class='gallery-item'>\n\t\t\t<dt class='gallery-icon landscape'>\n\t\t\t\t<a href='https:\/\/akbakan.com\/?attachment_id=4787'><img loading=\"lazy\" decoding=\"async\" width=\"150\" height=\"150\" src=\"https:\/\/akbakan.com\/wp-content\/uploads\/2021\/09\/7-150x150.jpg\" class=\"attachment-thumbnail size-thumbnail\" alt=\"\" srcset=\"https:\/\/akbakan.com\/wp-content\/uploads\/2021\/09\/7-150x150.jpg 150w, https:\/\/akbakan.com\/wp-content\/uploads\/2021\/09\/7-300x300.jpg 300w, https:\/\/akbakan.com\/wp-content\/uploads\/2021\/09\/7-100x100.jpg 100w\" sizes=\"auto, (max-width: 150px) 100vw, 150px\" \/><\/a>\n\t\t\t<\/dt><\/dl><br style=\"clear: both\" \/><dl class='gallery-item'>\n\t\t\t<dt class='gallery-icon landscape'>\n\t\t\t\t<a href='https:\/\/akbakan.com\/?attachment_id=4788'><img loading=\"lazy\" decoding=\"async\" width=\"150\" height=\"150\" src=\"https:\/\/akbakan.com\/wp-content\/uploads\/2021\/09\/5-150x150.jpg\" class=\"attachment-thumbnail size-thumbnail\" alt=\"\" srcset=\"https:\/\/akbakan.com\/wp-content\/uploads\/2021\/09\/5-150x150.jpg 150w, https:\/\/akbakan.com\/wp-content\/uploads\/2021\/09\/5-300x300.jpg 300w, https:\/\/akbakan.com\/wp-content\/uploads\/2021\/09\/5-100x100.jpg 100w\" sizes=\"auto, (max-width: 150px) 100vw, 150px\" \/><\/a>\n\t\t\t<\/dt><\/dl>\n\t\t\t<br style='clear: both' \/>\n\t\t<\/div><\/div>\n\t\t\t\t\t\t\t\t<\/div><div class=\"tab_content_wrapper animation \" id=\"tab-2\" data-tab-content=\"2\">\n\t\t\t\t\t\t\t\t\t<div id=\"tab-2-inline-title\" class=\"tab_title visible-xs\" data-tab-number=\"2\">SHELL Denizkent \u0130stasyonu<\/div>\n\t\t\t\t\t\t\t\t\t<div class=\"tab_content\">Kar\u015f\u0131yaka, Denizkent Cd., 10900 G\u00f6nen\/Bal\u0131kesir<br\/>\n(0266) 772 76 17<br\/>\n<img loading=\"lazy\" decoding=\"async\" class=\"alignnone size-medium wp-image-5010\" src=\"http:\/\/akbakan.com\/\/wp-content\/uploads\/2022\/02\/denizkent-shell-istasyonu-300x300.jpg\" alt=\"\" width=\"300\" height=\"300\" srcset=\"https:\/\/akbakan.com\/wp-content\/uploads\/2022\/02\/denizkent-shell-istasyonu-300x300.jpg 300w, https:\/\/akbakan.com\/wp-content\/uploads\/2022\/02\/denizkent-shell-istasyonu-150x150.jpg 150w, https:\/\/akbakan.com\/wp-content\/uploads\/2022\/02\/denizkent-shell-istasyonu-100x100.jpg 100w, https:\/\/akbakan.com\/wp-content\/uploads\/2022\/02\/denizkent-shell-istasyonu.jpg 600w\" sizes=\"auto, (max-width: 300px) 100vw, 300px\" \/><\/div>\n\t\t\t\t\t\t\t\t<\/div><div class=\"tab_content_wrapper animation \" id=\"tab-3\" data-tab-content=\"3\">\n\t\t\t\t\t\t\t\t\t<div id=\"tab-3-inline-title\" class=\"tab_title visible-xs\" data-tab-number=\"3\">SHELL  Bu\u011fdayl\u0131 \u0130stasyonu<\/div>\n\t\t\t\t\t\t\t\t\t<div class=\"tab_content\"><p>G\u00f6nen - Band\u0131rma Karayolu 17.Km - Bu\u011fdayl\u0131 K\u00f6y\u00fc<br \/>G\u00f6nen, Bal\u0131kesir 0266 781 50 07<\/p><p><img loading=\"lazy\" decoding=\"async\" class=\"alignnone size-medium wp-image-4789\" src=\"http:\/\/akbakan.com\/\/wp-content\/uploads\/2021\/09\/b2-300x200.jpg\" alt=\"\" width=\"300\" height=\"200\" srcset=\"https:\/\/akbakan.com\/wp-content\/uploads\/2021\/09\/b2-300x200.jpg 300w, https:\/\/akbakan.com\/wp-content\/uploads\/2021\/09\/b2-768x512.jpg 768w, https:\/\/akbakan.com\/wp-content\/uploads\/2021\/09\/b2-512x341.jpg 512w, https:\/\/akbakan.com\/wp-content\/uploads\/2021\/09\/b2-600x400.jpg 600w, https:\/\/akbakan.com\/wp-content\/uploads\/2021\/09\/b2.jpg 1024w\" sizes=\"auto, (max-width: 300px) 100vw, 300px\" \/><\/p><\/div>\n\t\t\t\t\t\t\t\t<\/div><div class=\"tab_content_wrapper animation \" id=\"tab-4\" data-tab-content=\"4\">\n\t\t\t\t\t\t\t\t\t<div id=\"tab-4-inline-title\" class=\"tab_title visible-xs\" data-tab-number=\"4\">SHELL Biga \u0130stasyonu<\/div>\n\t\t\t\t\t\t\t\t\t<div class=\"tab_content\"><p>\u0130driskoru Giri\u015fi, Band\u0131rma yolu 4.km<br \/>Biga - \u00c7anakkale 0286 333 00 20<\/p><\/div>\n\t\t\t\t\t\t\t\t<\/div><div class=\"tab_content_wrapper animation \" id=\"tab-5\" data-tab-content=\"5\">\n\t\t\t\t\t\t\t\t\t<div id=\"tab-5-inline-title\" class=\"tab_title visible-xs\" data-tab-number=\"5\">LUKO\u0130L  Sar\u0131k\u00f6y \u0130STASYONU<\/div>\n\t\t\t\t\t\t\t\t\t<div class=\"tab_content\"><p><span class=\"asdsadad\">Sar\u0131k\u00f6y LUKO\u0130L \u0130STASYONU<\/span><\/p><p>G\u00f6nen Biga Yolu 10. Km) Sar\u0131k\u00f6y-Orta Mah.<br \/>Sar\u0131k\u00f6y -G\u00f6nen, Bal\u0131kesir 0266 774 10 30<\/p><\/div>\n\t\t\t\t\t\t\t\t<\/div><div class=\"tab_content_wrapper animation \" id=\"tab-6\" data-tab-content=\"6\">\n\t\t\t\t\t\t\t\t\t<div id=\"tab-6-inline-title\" class=\"tab_title visible-xs\" data-tab-number=\"6\">SUNPET G\u00fcm\u00fc\u015f\u00e7ay \u0130stasyonu<\/div>\n\t\t\t\t\t\t\t\t\t<div class=\"tab_content\"><p>G\u00fcm\u00fc\u015f\u00e7ay SUNPET \u0130stasyonu<\/p><p>G\u00dcM\u00dc\u015e\u00c7AY - B\u0130GA- \u00c7ANAKKALE<\/p><p>0286 352 30 23<\/p><p><img loading=\"lazy\" decoding=\"async\" class=\"alignnone size-medium wp-image-4790\" src=\"http:\/\/akbakan.com\/\/wp-content\/uploads\/2021\/09\/10-300x200.jpg\" alt=\"\" width=\"300\" height=\"200\" srcset=\"https:\/\/akbakan.com\/wp-content\/uploads\/2021\/09\/10-300x200.jpg 300w, https:\/\/akbakan.com\/wp-content\/uploads\/2021\/09\/10-768x511.jpg 768w, https:\/\/akbakan.com\/wp-content\/uploads\/2021\/09\/10-512x340.jpg 512w, https:\/\/akbakan.com\/wp-content\/uploads\/2021\/09\/10-600x399.jpg 600w, https:\/\/akbakan.com\/wp-content\/uploads\/2021\/09\/10.jpg 1024w\" sizes=\"auto, (max-width: 300px) 100vw, 300px\" \/><\/p><\/div>\n\t\t\t\t\t\t\t\t<\/div><\/div><\/div>\t\t<\/div>\n\t\t\t\t<\/div>\n\t\t\t\t\t\t<\/div>\n\t\t\t\t\t<\/div>\n\t\t<\/div>\n\t\t\t\t\t\t\t\t<\/div>\n\t\t\t\t\t<\/div>\n\t\t<\/section>\n\t\t\t\t\t\t<\/div>\n\t\t\t\t\t\t<\/div>\n\t\t\t\t\t<\/div>\n\t\t","protected":false},"excerpt":{"rendered":"<p>Shell G\u00f6nen \u0130stasyonu SHELL Denizkent \u0130stasyonu SHELL Bu\u011fdayl\u0131 \u0130stasyonu SHELL Biga \u0130stasyonu LUKO\u0130L Sar\u0131k\u00f6y \u0130STASYONU SUNPET G\u00fcm\u00fc\u015f\u00e7ay \u0130stasyonu Shell G\u00f6nen \u0130stasyonu G\u00f6nen SHELL \u0130stasyonu Kar\u015f\u0131yaka Mah. Denizkent Cad. G\u00f6nen Biga Asfalt\u0131 2. Km.G\u00f6nen, Bal\u0131kesir 0266 762 44 74 Pbx SHELL Denizkent \u0130stasyonu Kar\u015f\u0131yaka, Denizkent Cd., 10900 G\u00f6nen\/Bal\u0131kesir (0266) 772 76 17 SHELL Bu\u011fdayl\u0131 \u0130stasyonu G\u00f6nen [&hellip;]<\/p>\n","protected":false},"author":1,"featured_media":0,"parent":0,"menu_order":0,"comment_status":"closed","ping_status":"closed","template":"","meta":{"footnotes":""},"class_list":["post-4770","page","type-page","status-publish","hentry"],"_links":{"self":[{"href":"https:\/\/akbakan.com\/index.php?rest_route=\/wp\/v2\/pages\/4770","targetHints":{"allow":["GET"]}}],"collection":[{"href":"https:\/\/akbakan.com\/index.php?rest_route=\/wp\/v2\/pages"}],"about":[{"href":"https:\/\/akbakan.com\/index.php?rest_route=\/wp\/v2\/types\/page"}],"author":[{"embeddable":true,"href":"https:\/\/akbakan.com\/index.php?rest_route=\/wp\/v2\/users\/1"}],"replies":[{"embeddable":true,"href":"https:\/\/akbakan.com\/index.php?rest_route=%2Fwp%2Fv2%2Fcomments&post=4770"}],"version-history":[{"count":22,"href":"https:\/\/akbakan.com\/index.php?rest_route=\/wp\/v2\/pages\/4770\/revisions"}],"predecessor-version":[{"id":5031,"href":"https:\/\/akbakan.com\/index.php?rest_route=\/wp\/v2\/pages\/4770\/revisions\/5031"}],"wp:attachment":[{"href":"https:\/\/akbakan.com\/index.php?rest_route=%2Fwp%2Fv2%2Fmedia&parent=4770"}],"curies":[{"name":"wp","href":"https:\/\/api.w.org\/{rel}","templated":true}]}}