{"id":4170,"date":"2017-07-02T03:41:34","date_gmt":"2017-07-02T03:41:34","guid":{"rendered":"http:\/\/businesslounge-elementor.rtthemes.com\/?page_id=4170"},"modified":"2023-08-15T11:06:16","modified_gmt":"2023-08-15T11:06:16","slug":"about-us-ii","status":"publish","type":"page","link":"https:\/\/akbakan.com\/?page_id=4170","title":{"rendered":"Hakk\u0131m\u0131zda"},"content":{"rendered":"\t\t<div data-elementor-type=\"wp-post\" data-elementor-id=\"4170\" class=\"elementor elementor-4170\" data-elementor-settings=\"[]\">\n\t\t\t\t\t\t<div class=\"elementor-inner\">\n\t\t\t\t\t\t\t<div class=\"elementor-section-wrap\">\n\t\t\t\t\t\t\t<section class=\"elementor-section elementor-top-section elementor-element elementor-element-u8x6xor elementor-section-boxed elementor-section-height-default elementor-section-height-default default-style\" data-id=\"u8x6xor\" data-element_type=\"section\" data-settings=\"{&quot;rt_color_sets&quot;:&quot;default-style&quot;}\">\n\t\t\t\t\t\t<div class=\"elementor-container elementor-column-gap-default\">\n\t\t\t\t\t\t\t<div class=\"elementor-row\">\n\t\t\t\t\t<div class=\"elementor-column elementor-col-50 elementor-top-column elementor-element elementor-element-kaiaqjg\" data-id=\"kaiaqjg\" data-element_type=\"column\">\n\t\t\t<div class=\"elementor-column-wrap elementor-element-populated\">\n\t\t\t\t\t\t\t<div class=\"elementor-widget-wrap\">\n\t\t\t\t\t\t<div class=\"elementor-element elementor-element-kfxnstj elementor-widget elementor-widget-rt-heading\" data-id=\"kfxnstj\" data-element_type=\"widget\" data-widget_type=\"rt-heading.default\">\n\t\t\t\t<div class=\"elementor-widget-container\">\n\t\t\t<div class=\"rt-heading-wrapper style-2\">\n\t\t\t\t\t\t<H4 class=\"rt-heading style-2\" >Hakk\u0131m\u0131zda<\/H4>\n\t\t\t\t\t<\/div>\t\t<\/div>\n\t\t\t\t<\/div>\n\t\t\t\t\t\t<\/div>\n\t\t\t\t\t<\/div>\n\t\t<\/div>\n\t\t\t\t<div class=\"elementor-column elementor-col-50 elementor-top-column elementor-element elementor-element-a9l6fvo\" data-id=\"a9l6fvo\" data-element_type=\"column\">\n\t\t\t<div class=\"elementor-column-wrap elementor-element-populated\">\n\t\t\t\t\t\t\t<div class=\"elementor-widget-wrap\">\n\t\t\t\t\t\t<div class=\"elementor-element elementor-element-hqsvxet elementor-widget elementor-widget-text-editor\" data-id=\"hqsvxet\" data-element_type=\"widget\" data-widget_type=\"text-editor.default\">\n\t\t\t\t<div class=\"elementor-widget-container\">\n\t\t\t\t\t\t\t\t<div class=\"elementor-text-editor elementor-clearfix\">\n\t\t\t\t<p>Akbakan Tar\u0131m Nakliyat Ticaret Ltd.\u015eti.\u00a0 1986 y\u0131l\u0131nda 4 adal\u0131 bir istasyondan bug\u00fcn\u00fcm\u00fcze yenilikler yaparak ve b\u00fcnyesine katt\u0131\u011f\u0131 di\u011fer akaryak\u0131t istasyonlar\u0131yla Akaryak\u0131t sekt\u00f6r\u00fcnde ba\u015far\u0131 ile devam etmektedir.<\/p><p>En temel de\u011ferlerimiz olan d\u00fcr\u00fcstl\u00fck, do\u011fruluk ve insanlara sayg\u0131, firmam\u0131z\u0131n Genel \u0130\u015f \u0130lkelerinin temelini olu\u015fturur.<\/p><p class=\"sadasdasda\">Firmam\u0131z\u0131n vizyonu ve misyonu do\u011frultusunda m\u00fc\u015fteri ihtiya\u00e7 ve\u00a0 beklentilerine uygun \u00fcr\u00fcnleri, \u00e7evreye ve insan sa\u011fl\u0131\u011f\u0131na uygun olarak\u00a0 sunmay\u0131, Faaliyette bulundu\u011fumuz t\u00fcm alanlarda, tam m\u00fc\u015fteri memnuniyeti sa\u011flamay\u0131, hedefliyoruz.<\/p>\t\t\t\t\t<\/div>\n\t\t\t\t\t\t<\/div>\n\t\t\t\t<\/div>\n\t\t\t\t\t\t<\/div>\n\t\t\t\t\t<\/div>\n\t\t<\/div>\n\t\t\t\t\t\t\t\t<\/div>\n\t\t\t\t\t<\/div>\n\t\t<\/section>\n\t\t\t\t<section class=\"elementor-section elementor-top-section elementor-element elementor-element-934a3bf elementor-section-boxed elementor-section-height-default elementor-section-height-default default-style\" data-id=\"934a3bf\" data-element_type=\"section\" data-settings=\"{&quot;rt_color_sets&quot;:&quot;default-style&quot;}\">\n\t\t\t\t\t\t<div class=\"elementor-container elementor-column-gap-default\">\n\t\t\t\t\t\t\t<div class=\"elementor-row\">\n\t\t\t\t\t<div class=\"elementor-column elementor-col-33 elementor-top-column elementor-element elementor-element-da581d0\" data-id=\"da581d0\" data-element_type=\"column\">\n\t\t\t<div class=\"elementor-column-wrap elementor-element-populated\">\n\t\t\t\t\t\t\t<div class=\"elementor-widget-wrap\">\n\t\t\t\t\t\t<div class=\"elementor-element elementor-element-fc633fe elementor-widget elementor-widget-image\" data-id=\"fc633fe\" data-element_type=\"widget\" data-widget_type=\"image.default\">\n\t\t\t\t<div class=\"elementor-widget-container\">\n\t\t\t\t\t\t\t\t<div class=\"elementor-image\">\n\t\t\t\t\t\t\t\t\t\t\t\t<img decoding=\"async\" src=\"https:\/\/i.hizliresim.com\/s3nj8a2.jpeg\" title=\"\" alt=\"\" \/>\t\t\t\t\t\t\t\t\t\t\t\t\t\t<\/div>\n\t\t\t\t\t\t<\/div>\n\t\t\t\t<\/div>\n\t\t\t\t\t\t<\/div>\n\t\t\t\t\t<\/div>\n\t\t<\/div>\n\t\t\t\t<div class=\"elementor-column elementor-col-33 elementor-top-column elementor-element elementor-element-31899af\" data-id=\"31899af\" data-element_type=\"column\">\n\t\t\t<div class=\"elementor-column-wrap elementor-element-populated\">\n\t\t\t\t\t\t\t<div class=\"elementor-widget-wrap\">\n\t\t\t\t\t\t<div class=\"elementor-element elementor-element-97ce14e elementor-widget elementor-widget-image\" data-id=\"97ce14e\" data-element_type=\"widget\" data-widget_type=\"image.default\">\n\t\t\t\t<div class=\"elementor-widget-container\">\n\t\t\t\t\t\t\t\t<div class=\"elementor-image\">\n\t\t\t\t\t\t\t\t\t\t\t\t<img decoding=\"async\" src=\"https:\/\/i.hizliresim.com\/pcid9ss.jpeg\" title=\"\" alt=\"\" \/>\t\t\t\t\t\t\t\t\t\t\t\t\t\t<\/div>\n\t\t\t\t\t\t<\/div>\n\t\t\t\t<\/div>\n\t\t\t\t\t\t<\/div>\n\t\t\t\t\t<\/div>\n\t\t<\/div>\n\t\t\t\t<div class=\"elementor-column elementor-col-33 elementor-top-column elementor-element elementor-element-7280213\" data-id=\"7280213\" data-element_type=\"column\">\n\t\t\t<div class=\"elementor-column-wrap elementor-element-populated\">\n\t\t\t\t\t\t\t<div class=\"elementor-widget-wrap\">\n\t\t\t\t\t\t<div class=\"elementor-element elementor-element-47a4c85 elementor-widget elementor-widget-image\" data-id=\"47a4c85\" data-element_type=\"widget\" data-widget_type=\"image.default\">\n\t\t\t\t<div class=\"elementor-widget-container\">\n\t\t\t\t\t\t\t\t<div class=\"elementor-image\">\n\t\t\t\t\t\t\t\t\t\t\t\t<img decoding=\"async\" src=\"https:\/\/i.hizliresim.com\/h9xdorr.jpeg\" title=\"\" alt=\"\" \/>\t\t\t\t\t\t\t\t\t\t\t\t\t\t<\/div>\n\t\t\t\t\t\t<\/div>\n\t\t\t\t<\/div>\n\t\t\t\t\t\t<\/div>\n\t\t\t\t\t<\/div>\n\t\t<\/div>\n\t\t\t\t\t\t\t\t<\/div>\n\t\t\t\t\t<\/div>\n\t\t<\/section>\n\t\t\t\t<section class=\"elementor-section elementor-top-section elementor-element elementor-element-2h7wjkx elementor-section-boxed elementor-section-height-default elementor-section-height-default default-style\" data-id=\"2h7wjkx\" data-element_type=\"section\" data-settings=\"{&quot;rt_color_sets&quot;:&quot;default-style&quot;}\">\n\t\t\t\t\t\t<div class=\"elementor-container elementor-column-gap-default\">\n\t\t\t\t\t\t\t<div class=\"elementor-row\">\n\t\t\t\t\t<div class=\"elementor-column elementor-col-50 elementor-top-column elementor-element elementor-element-pqz6ha5\" data-id=\"pqz6ha5\" data-element_type=\"column\">\n\t\t\t<div class=\"elementor-column-wrap elementor-element-populated\">\n\t\t\t\t\t\t\t<div class=\"elementor-widget-wrap\">\n\t\t\t\t\t\t<div class=\"elementor-element elementor-element-czwqhrl elementor-widget elementor-widget-rt-heading\" data-id=\"czwqhrl\" data-element_type=\"widget\" data-widget_type=\"rt-heading.default\">\n\t\t\t\t<div class=\"elementor-widget-container\">\n\t\t\t<div class=\"rt-heading-wrapper style-2\">\n\t\t\t\t\t\t<H4 class=\"rt-heading style-2\" >Vizyonumuz <\/H4>\n\t\t\t\t\t<\/div>\t\t<\/div>\n\t\t\t\t<\/div>\n\t\t\t\t\t\t<\/div>\n\t\t\t\t\t<\/div>\n\t\t<\/div>\n\t\t\t\t<div class=\"elementor-column elementor-col-50 elementor-top-column elementor-element elementor-element-dgipf7y\" data-id=\"dgipf7y\" data-element_type=\"column\">\n\t\t\t<div class=\"elementor-column-wrap elementor-element-populated\">\n\t\t\t\t\t\t\t<div class=\"elementor-widget-wrap\">\n\t\t\t\t\t\t<div class=\"elementor-element elementor-element-rwezeui elementor-widget elementor-widget-text-editor\" data-id=\"rwezeui\" data-element_type=\"widget\" data-widget_type=\"text-editor.default\">\n\t\t\t\t<div class=\"elementor-widget-container\">\n\t\t\t\t\t\t\t\t<div class=\"elementor-text-editor elementor-clearfix\">\n\t\t\t\t\u00d6ncelikle ba\u015far\u0131l\u0131 bir \u015firket olmakt\u0131r. Ba\u015far\u0131l\u0131 \u015firket &#8220;s\u00fcrekli de\u011fer yaratabilen&#8221; \u015firkettir; s\u00fcrekli de\u011fer yaratabilen \u015firketler ise, olu\u015fturduklar\u0131 do\u011fru stratejileri t\u00fcm de\u011fer zincirinde hayata ge\u00e7irebilme ba\u015far\u0131s\u0131n\u0131 g\u00f6sterebilen ve stratejik performanslar\u0131n\u0131 s\u00fcrekli olarak \u00f6l\u00e7me ve geli\u015ftirme yetene\u011fine sahip kurumlard\u0131r.\n\t\t\t\t\t<\/div>\n\t\t\t\t\t\t<\/div>\n\t\t\t\t<\/div>\n\t\t\t\t\t\t<\/div>\n\t\t\t\t\t<\/div>\n\t\t<\/div>\n\t\t\t\t\t\t\t\t<\/div>\n\t\t\t\t\t<\/div>\n\t\t<\/section>\n\t\t\t\t<section class=\"elementor-section elementor-top-section elementor-element elementor-element-0p04qhl elementor-section-boxed elementor-section-height-default elementor-section-height-default default-style\" data-id=\"0p04qhl\" data-element_type=\"section\" data-settings=\"{&quot;rt_color_sets&quot;:&quot;default-style&quot;}\">\n\t\t\t\t\t\t<div class=\"elementor-container elementor-column-gap-default\">\n\t\t\t\t\t\t\t<div class=\"elementor-row\">\n\t\t\t\t\t<div class=\"elementor-column elementor-col-50 elementor-top-column elementor-element elementor-element-nsj8sz6\" data-id=\"nsj8sz6\" data-element_type=\"column\">\n\t\t\t<div class=\"elementor-column-wrap elementor-element-populated\">\n\t\t\t\t\t\t\t<div class=\"elementor-widget-wrap\">\n\t\t\t\t\t\t<div class=\"elementor-element elementor-element-wjnrbnz elementor-widget elementor-widget-rt-heading\" data-id=\"wjnrbnz\" data-element_type=\"widget\" data-widget_type=\"rt-heading.default\">\n\t\t\t\t<div class=\"elementor-widget-container\">\n\t\t\t<div class=\"rt-heading-wrapper style-2\">\n\t\t\t\t\t\t<H4 class=\"rt-heading style-2\" >Misyonumuz <\/H4>\n\t\t\t\t\t<\/div>\t\t<\/div>\n\t\t\t\t<\/div>\n\t\t\t\t\t\t<\/div>\n\t\t\t\t\t<\/div>\n\t\t<\/div>\n\t\t\t\t<div class=\"elementor-column elementor-col-50 elementor-top-column elementor-element elementor-element-o3lkith\" data-id=\"o3lkith\" data-element_type=\"column\">\n\t\t\t<div class=\"elementor-column-wrap elementor-element-populated\">\n\t\t\t\t\t\t\t<div class=\"elementor-widget-wrap\">\n\t\t\t\t\t\t<div class=\"elementor-element elementor-element-e726c16 elementor-widget elementor-widget-text-editor\" data-id=\"e726c16\" data-element_type=\"widget\" data-widget_type=\"text-editor.default\">\n\t\t\t\t<div class=\"elementor-widget-container\">\n\t\t\t\t\t\t\t\t<div class=\"elementor-text-editor elementor-clearfix\">\n\t\t\t\tKal\u0131c\u0131 ba\u015far\u0131n\u0131n y\u00fcksek teknolojiye sahip \u00fcr\u00fcn\u00fcn tecr\u00fcbeli ve dinamik bir ekibin h\u0131zl\u0131 servisiyle yakalanaca\u011f\u0131n\u0131n bilinciyle sekt\u00f6rde hizmet etmekteyiz. Y\u00fczde y\u00fcz m\u00fc\u015fteri memnuniyeti ana hedefimizdir.\n\t\t\t\t\t<\/div>\n\t\t\t\t\t\t<\/div>\n\t\t\t\t<\/div>\n\t\t\t\t\t\t<\/div>\n\t\t\t\t\t<\/div>\n\t\t<\/div>\n\t\t\t\t\t\t\t\t<\/div>\n\t\t\t\t\t<\/div>\n\t\t<\/section>\n\t\t\t\t<section class=\"elementor-section elementor-top-section elementor-element elementor-element-uhkfnua elementor-section-content-middle elementor-section-boxed elementor-section-height-default elementor-section-height-default default-style\" data-id=\"uhkfnua\" data-element_type=\"section\" data-settings=\"{&quot;rt_color_sets&quot;:&quot;default-style&quot;}\">\n\t\t\t\t\t\t<div class=\"elementor-container elementor-column-gap-default\">\n\t\t\t\t\t\t\t<div class=\"elementor-row\">\n\t\t\t\t\t<div class=\"elementor-column elementor-col-50 elementor-top-column elementor-element elementor-element-b4jgp9o\" data-id=\"b4jgp9o\" data-element_type=\"column\">\n\t\t\t<div class=\"elementor-column-wrap elementor-element-populated\">\n\t\t\t\t\t\t\t<div class=\"elementor-widget-wrap\">\n\t\t\t\t\t\t<div class=\"elementor-element elementor-element-p8jqpcl elementor-widget elementor-widget-rt-heading\" data-id=\"p8jqpcl\" data-element_type=\"widget\" data-widget_type=\"rt-heading.default\">\n\t\t\t\t<div class=\"elementor-widget-container\">\n\t\t\t<div class=\"rt-heading-wrapper style-2\">\n\t\t\t\t\t\t<H4 class=\"rt-heading style-2\" >Sosyal sorumluluk ilkelerimiz<\/H4>\n\t\t\t\t\t<\/div>\t\t<\/div>\n\t\t\t\t<\/div>\n\t\t\t\t\t\t<\/div>\n\t\t\t\t\t<\/div>\n\t\t<\/div>\n\t\t\t\t<div class=\"elementor-column elementor-col-50 elementor-top-column elementor-element elementor-element-49yufhy\" data-id=\"49yufhy\" data-element_type=\"column\">\n\t\t\t<div class=\"elementor-column-wrap elementor-element-populated\">\n\t\t\t\t\t\t\t<div class=\"elementor-widget-wrap\">\n\t\t\t\t\t\t<div class=\"elementor-element elementor-element-91d3071 elementor-widget elementor-widget-text-editor\" data-id=\"91d3071\" data-element_type=\"widget\" data-widget_type=\"text-editor.default\">\n\t\t\t\t<div class=\"elementor-widget-container\">\n\t\t\t\t\t\t\t\t<div class=\"elementor-text-editor elementor-clearfix\">\n\t\t\t\tAKBAKAN Petrol olarak amac\u0131m\u0131z\u0131; m\u00fc\u015fterileri, \u00e7al\u0131\u015fanlar\u0131, \u00e7evre ve toplum i\u00e7in \u00e7al\u0131\u015fmalar\u0131n\u0131 en etkin ve verimli \u015fekilde s\u00fcrd\u00fcrmek, s\u00fcrekli iyile\u015ftirme faaliyetlerini ger\u00e7ekle\u015ftirerek rekabet avantaj\u0131 elde etmek ve vizyonuna ula\u015fmakt\u0131r.\n\n\t\t\t\t\t<\/div>\n\t\t\t\t\t\t<\/div>\n\t\t\t\t<\/div>\n\t\t\t\t\t\t<\/div>\n\t\t\t\t\t<\/div>\n\t\t<\/div>\n\t\t\t\t\t\t\t\t<\/div>\n\t\t\t\t\t<\/div>\n\t\t<\/section>\n\t\t\t\t\t\t<\/div>\n\t\t\t\t\t\t<\/div>\n\t\t\t\t\t<\/div>\n\t\t","protected":false},"excerpt":{"rendered":"<p>Hakk\u0131m\u0131zda Akbakan Tar\u0131m Nakliyat Ticaret Ltd.\u015eti.\u00a0 1986 y\u0131l\u0131nda 4 adal\u0131 bir istasyondan bug\u00fcn\u00fcm\u00fcze yenilikler yaparak ve b\u00fcnyesine katt\u0131\u011f\u0131 di\u011fer akaryak\u0131t istasyonlar\u0131yla Akaryak\u0131t sekt\u00f6r\u00fcnde ba\u015far\u0131 ile devam etmektedir. En temel de\u011ferlerimiz olan d\u00fcr\u00fcstl\u00fck, do\u011fruluk ve insanlara sayg\u0131, firmam\u0131z\u0131n Genel \u0130\u015f \u0130lkelerinin temelini olu\u015fturur. Firmam\u0131z\u0131n vizyonu ve misyonu do\u011frultusunda m\u00fc\u015fteri ihtiya\u00e7 ve\u00a0 beklentilerine uygun \u00fcr\u00fcnleri, \u00e7evreye ve [&hellip;]<\/p>\n","protected":false},"author":1,"featured_media":0,"parent":0,"menu_order":0,"comment_status":"closed","ping_status":"closed","template":"","meta":{"footnotes":""},"class_list":["post-4170","page","type-page","status-publish","hentry"],"_links":{"self":[{"href":"https:\/\/akbakan.com\/index.php?rest_route=\/wp\/v2\/pages\/4170","targetHints":{"allow":["GET"]}}],"collection":[{"href":"https:\/\/akbakan.com\/index.php?rest_route=\/wp\/v2\/pages"}],"about":[{"href":"https:\/\/akbakan.com\/index.php?rest_route=\/wp\/v2\/types\/page"}],"author":[{"embeddable":true,"href":"https:\/\/akbakan.com\/index.php?rest_route=\/wp\/v2\/users\/1"}],"replies":[{"embeddable":true,"href":"https:\/\/akbakan.com\/index.php?rest_route=%2Fwp%2Fv2%2Fcomments&post=4170"}],"version-history":[{"count":14,"href":"https:\/\/akbakan.com\/index.php?rest_route=\/wp\/v2\/pages\/4170\/revisions"}],"predecessor-version":[{"id":5057,"href":"https:\/\/akbakan.com\/index.php?rest_route=\/wp\/v2\/pages\/4170\/revisions\/5057"}],"wp:attachment":[{"href":"https:\/\/akbakan.com\/index.php?rest_route=%2Fwp%2Fv2%2Fmedia&parent=4170"}],"curies":[{"name":"wp","href":"https:\/\/api.w.org\/{rel}","templated":true}]}}